number?
False
Let w(a) = 230*a + 2*a + 41*a + 408*a - 1. Is w(2) a prime number?
True
Suppose 4*f - 4 - 28 = 0. Suppose 3*u = u + f. Is ((-488)/2)/(u + -6) composite?
True
Let n(o) = 165*o - 4. Let b(h) = -h**3 - 8*h**2 - 2*h - 10. Let x be b(-8). Let y(m) = m**3 - 7*m**2 + 6*m + 3. Let q be y(x). Is n(q) prime?
True
Let y(s) = 26*s + 5. Let p(n) = -27*n - 5. Let c(l) = -4*p(l) - 3*y(l). Let b(d) = -2*d**3 + 58*d**2 + 2*d - 47. Let m be b(29). Is c(m) a prime number?
False
Suppose -5*i + 10 = -0*i. Let q be ((-1)/i)/(15/(-420)). Is 2211/4 - q/(-56) prime?
False
Is 185/(-74)*(-578)/5 composite?
True
Let j(y) = -2*y**2 + 6*y + 5. Let g be j(5). Is (-1)/((g/879)/5) a composite number?
False
Let a = 16 - 1. Is (4/8*-2823)/(a/(-20)) prime?
False
Let z = 11 + -12. Let x be (-45 - z)/(-7 + 5). Is (x/(-33))/((-1)/39) a prime number?
False
Is 4/((-8)/(-11901))*(-62)/(-93) composite?
False
Let o(p) = 31*p**2 - 6*p + 12 - 10 + 33*p**2 + 29. Is o(5) prime?
True
Is (-1)/(10/10)*(-1 + -190) composite?
False
Let j(r) = 16*r + 2*r**2 + 4 - 32*r + r**2 + 15*r. Let n(a) = -2*a - 3. Let b be n(-4). Is j(b) a prime number?
False
Let k be 5 - (7 + (-1 - 2)). Let a be 333 - (0/k + 0). Suppose -3*o + 6*o - a = 0. Is o a composite number?
True
Suppose 38 = 5*z - 7. Is (-10596)/(-10) + z/(-15) prime?
False
Suppose 5*w = 2*x - 678, -2*x + 678 = -5*w + w. Is x a composite number?
True
Let t(c) = -7*c + 10. Let o be t(4). Is (-593)/(-7) - o/63 prime?
False
Suppose 18*h = 17*h + 5. Suppose h*x - 2014 = 2601. Is x composite?
True
Is (-5*5/(-100))/(1/43084) a prime number?
True
Let p = -3 - 9. Let f = 15 + p. Suppose -17 = -f*z + 52. Is z prime?
True
Suppose -6*y + 1159 = 3169. Let n = -221 - y. Suppose -x - x + n = 0. Is x a prime number?
False
Suppose 3*s - 5*u - 3 = 2, 3*s - 4 = 4*u. Suppose s = 4*q - 85 - 71. Is q a prime number?
False
Suppose 3*q + 3 = 0, 4*t - 2337 = -2*q + 113. Is t composite?
False
Is (-11)/(132/(-341644))*3 a prime number?
True
Let d(x) = 8014*x + 217. Is d(4) a prime number?
False
Suppose 3*l - 13 - 2 = 0. Suppose 3*p - 2*d = 4*p - 491, 0 = 2*p - l*d - 1009. Is p a composite number?
True
Is (-9)/(-3) + -8 + 3076 prime?
False
Suppose -4*z - 16*m + 18*m = -19998, 4*m = -z + 4995. Is z prime?
True
Let t(j) be the third derivative of 11*j**4/4 - 11*j**3/6 + 2*j**2 + 207. Suppose 5 = -3*y + 4*y. Is t(y) composite?
True
Let b(x) = -x**3 - 16*x**2 - 41*x - 23. Is b(-18) prime?
False
Let u = 88 + 312. Suppose -2*j - 2*j = -u. Suppose -j - 40 = -4*a + 4*b, 2*b = 3*a - 107. Is a a composite number?
False
Suppose 4*v = -s + 10, -4*v + v + 10 = 2*s. Suppose 2*c - 6*c = o - 2209, 0 = 5*c - v*o - 2771. Is c composite?
True
Let g = 10071 - 1048. Is g prime?
False
Let q(i) = -43*i + 8. Let w be q(-2). Is (w/4)/((-3)/(5*-6)) a composite number?
True
Let s be (1 + 291)*(3 + (-5)/2). Suppose -s = -3*a + 127. Is a a composite number?
True
Suppose -1100 - 1537 = -p - 2*z, -2*z - 7895 = -3*p. Is p composite?
False
Let y(o) be the first derivative of -o**4/4 + 22*o**3/3 + 4*o + 42. Is y(15) prime?
True
Suppose 6*b - 8 = 5*b. Suppose 18965 = b*z - 3*z. Is z a composite number?
False
Let s(x) = x**3 - 7*x**2 - 9*x + 10. Let p be s(8). Suppose y - p + 0 = 0. Suppose 34 = -y*o + 3*o. Is o composite?
True
Suppose -300*t = -296*t - 29132. Is t prime?
True
Let m(s) = -9 + 16*s + 14 + 10. Suppose -z - 4*n = -7, -2*z + 14 = -0*z + 2*n. Is m(z) a composite number?
False
Let y = -9 - -10. Let c be (y + -8 - 2)/1. Let z = c - -15. Is z a composite number?
True
Let k be 1 + 2 - (-9 - -1). Let j = 7 - k. Let f(z) = -5*z**3 - 5*z**2 - 4*z - 5. Is f(j) a composite number?
False
Is 1386/792*(2 + 0)*2746 a composite number?
True
Let g be -3 + 5 + (-3 - -1). Suppose -9*v + 32 + 301 = g. Is v prime?
True
Let a(z) be the third derivative of 61*z**4/24 + 13*z**3/6 + 14*z**2. Is a(4) composite?
False
Let w = 557 - 66. Is w a prime number?
True
Let n(y) = 18*y**3 - y**2 - 6*y. Let v(j) = j**3 - j**2 - j + 1. Let k(z) = -n(z) + 2*v(z). Let a be k(-2). Suppose a = r - 23. Is r composite?
True
Suppose -12 = -v + 4*v. Let m(i) = 14*i**2 + 5*i + 7. Is m(v) prime?
True
Let m(u) be the second derivative of u**5/20 - 3*u**4/4 - 25*u**3/6 - 37*u**2/2 - 9*u. Is m(18) a prime number?
False
Is -11*(-10)/110 + 3658/1 a composite number?
False
Let n(j) = 5*j**2 + 6*j + 6686. Is n(0) a composite number?
True
Suppose -5*p - 23 = 4*l, -p = 5*l - 2*l + 9. Is (1741/l)/((-3)/6) a prime number?
True
Let j = -933 + 1352. Is j a prime number?
True
Suppose -8*q = -6*q - 4. Suppose 3*t = -3*l + 2*l + 13, 0 = q*t - l - 12. Suppose 3*x = t*n - 835, -2*x - 3*x + 668 = 4*n. Is n a prime number?
True
Let x be 0/(-5) + -318 + 1. Let r = x - -826. Is r a prime number?
True
Suppose -3 = -2*p + 1. Let z be p/(-1*(-8)/12). Suppose a = -3*l + 31, z*a = l + 10 + 63. Is a composite?
True
Let f(h) be the first derivative of 45*h**2/2 - 2*h - 2. Suppose 4*w = -8, 0*w + 7 = 3*k + w. Is f(k) a prime number?
False
Is (-16243)/(-6) - 3/18 composite?
False
Is (11/(-66))/(4/(-352056)) prime?
True
Let f(u) = 18*u**2 - 5*u - 3. Suppose 2*s + 20 = -3*s. Is f(s) a composite number?
True
Is (-923*(-1 - 0))/(6 - 5) a prime number?
False
Suppose -3*f + 313 = -4*b, 5*f + 72*b - 77*b - 520 = 0. Is f a prime number?
True
Let o = 22 - 10. Let v(n) = -n**2 + 15*n - 1. Is v(o) composite?
True
Suppose 324*y - 268*y - 728 = 0. Is y a composite number?
False
Let p(y) = 14*y**3 + 16*y**2 - 5*y + 6. Is p(7) a prime number?
True
Suppose -3*s + 4*s = 493. Suppose -3*p + s = -1220. Let f = p + -360. Is f a composite number?
False
Suppose 4*y - 3138 = -2*q, -5*q = -q + 3*y - 6256. Is q composite?
True
Let k(b) be the third derivative of 7*b**5/20 - b**4/12 - b**3/6 - 7*b**2. Suppose -31*i = -26*i + 15. Is k(i) a prime number?
False
Let w(q) = 8*q**2 - 5*q + 1. Let b be -4 + 2*(1 - 2). Is w(b) a composite number?
True
Let i be 450/20*4/5. Let p be 4/i + 43/9. Suppose 0 = -4*f - p*h + 33, -3*f + 10 = -2*f + 3*h. Is f composite?
False
Let m(x) = x**3 + 7*x**2 + 5*x - 17. Let a(t) = t**3 + 8*t**2 + 6*t - 16. Let s(l) = 3*a(l) - 2*m(l). Let p be s(-10). Let n = 17 - p. Is n a composite number?
True
Let s be 1 + -1 - (714 - 0). Let r = 655 + -1156. Let b = r - s. Is b composite?
True
Let u(z) = -2*z + 5*z**2 - 3*z**2 + 3 + z**2. Let l = 9 + -1. Is u(l) prime?
True
Let d(t) be the second derivative of t**4/3 - 29*t**3/3 + 35*t**2/2 - 2*t - 3. Is d(24) prime?
True
Let u(m) = 2*m - 8. Let k be u(6). Suppose d = -k*d + 6855. Let g = -784 + d. Is g a prime number?
True
Suppose -3*f = f + 2*j + 6, 3*f - j = 3. Suppose -3*t - 2229 = -3*z - 5*t, f = -3*t - 9. Is z composite?
True
Let p = -139118 - -201759. Is p composite?
True
Let a = -3780 - -7169. Is a composite?
False
Let w(v) = 37*v**2 - 3*v + 1. Let t be w(-4). Let s = t + -118. Is s a prime number?
True
Let w be 6/8*(2 - -6). Suppose 3*g - 261 = w. Is g prime?
True
Let g(y) be the first derivative of 1261*y**3/3 + 3*y**2/2 + 3*y + 5. Is g(-1) a prime number?
False
Is 160134/5 + 4*10/200 prime?
True
Let u(w) = -w**3 - 12*w**2 - 7*w + 7. Let i(a) = 2*a**3 + 24*a**2 + 13*a - 15. Let r(c) = -2*i(c) - 5*u(c). Is r(-9) a prime number?
True
Suppose -250 + 1307 = -7*k. Let b = k - -262. Is b a composite number?
True
Suppose -2*s + 5*p + 595 = -323, -2*s + p + 910 = 0. Let u = s - 7. Is u composite?
True
Suppose -3*k + 0 = 9. Let m = -3 - k. Suppose 438 = 5*s + 3*d, -5*s - d + 3*d + 433 = m. Is s prime?
False
Suppose -s - c - 2*c = -139, 0 = -2*s + 4*c + 268. Let h = -215 - s. Let j = h + 534. Is j composite?
True
Is (5*(-16)/20)/((-8)/25562) a prime number?
True
Let b = 21663 - 12120. Is b composite?
True
Suppose -9*l - 926 = -10*l. Suppose 2*g + 5*r = l + 325, -3*g = -r - 1868. Is g composite?
True
Let h(l) = 20*l**2 - 9*l + 6. Let z be h(10). Is (-27)/(-18)*z/6 composite?
False
Suppose 0*v - 2*v - 8 = -4*q, -5*v = 3*q - 6. Let r = 5 - q. Suppose 29 + 13 = r*z. Is z a composite number?
True
Suppose -3*l + 7 = -2. Suppose -2*w = -4*n + 5*n - 1037, l = -3*w. Is n a composite number?
False
Is (-879066)/(-126) + 4/14 a prime number?
True
Let p = -4096 - -6401. Is p prime?
False
Suppose 0*h + 14 = 2*h - q, 0 = -3*h - 5*q + 21. Let t = h - 7. Suppose -5*x - 278 + 1193 = t. Is x a prime number?
False
Suppose 21 = -3*s - 15. Le